66/14 + (-10)/(-35). Let q(x) = 19*x - 1. Let s(c) = -37*c + 2. Let o(h) = i*q(h) + 3*s(h). Suppose -3*v - 12 + 15 = 0. Calculate o(v).
-15
Let q(k) = 5*k**2 - 30*k - 22. Let f(y) = 2*y**2 - 10*y - 7. Let j(h) = 8*f(h) - 3*q(h). Let t(n) = -327*n + 1300. Let z be t(4). Determine j(z).
-6
Suppose a = -3*c - c + 9, -a - c = -9. Let r be 2/a + 20/(-9). Let f(o) be the first derivative of 2*o**3/3 - o**2 - 2*o - 273. Give f(r).
10
Let i(l) = -2*l + 13. Let t be i(6). Let k(r) = -4*r - 4 + t - 6 - 6*r - r**2. Give k(-6).
15
Let x be (3 + 7)/(2 + -1). Let r(m) = 0*m + 2*m + m + 4*m + 4 - 8*m. Give r(x).
-6
Let p(u) be the third derivative of u**4/12 + 2*u**3/3 + 630*u**2. Determine p(10).
24
Let s(o) be the third derivative of -o**8/6720 - o**7/360 - o**6/90 - o**5/40 + 19*o**4/24 - 28*o**2. Let v(i) be the second derivative of s(i). Give v(-5).
-13
Let s be (-2)/8 + 34/8. Let g(c) be the second derivative of c**4/12 - c**3/3 - 5*c**2/2 + 37*c - 14. Determine g(s).
3
Let t(q) = -4*q**2 + 2*q + 1. Let y = 15 + -13. Suppose -3*a + b = -4, 12 = 5*b + y. Suppose 4*r = 2*r - a. What is t(r)?
-5
Let k(m) = 9 - m + 4 + 10 - 21 + 0*m. Suppose -5*u = 2*b - 6, 0 = 4*b + u - 12 - 0. Determine k(b).
-1
Let d(q) be the third derivative of q**6/120 + q**5/15 + q**4/24 - q**3/3 + q**2 + 9*q. Give d(-5).
-32
Let u(s) = 1 - 4 - 192*s + s**3 + 18*s**2 - 23*s**2 + 195*s. Give u(4).
-7
Let a be (-2)/4*1*0/(-23). Suppose 3*w + 2*i + 2 = 0, a = w - 6*i + i + 12. Let n(g) = 8*g + 1. Determine n(w).
-15
Let r(m) be the first derivative of m**4/12 - 6*m**2 - 3*m + 2. Let p(t) be the first derivative of r(t). Let l be ((-2)/(-18)*0)/(0 + 5). Give p(l).
-12
Let v(r) = r**3 + 4*r**2 + r. Let q(m) = -m - 14. Let j be q(-14). Suppose f + 1 + 1 = j. Let x be f - (2 + -3 + 2). Determine v(x).
6
Let d(c) be the second derivative of 5*c**3/6 - c. Suppose -2*i = -4*f - 42, f - i + 3 = -7. Let t = f + 13. Determine d(t).
10
Let l(s) = s - 21. Suppose 3*x - 16 + 1 = 0. Suppose 2 = 2*d + 3*f - 22, f - 73 = -x*d. Let n be l(d). Let a(z) = -z**3 - 7*z**2 - 5*z + 5. Determine a(n).
-1
Let z be (-106)/(-10) - (-15)/(-25). Suppose 3*n + 5*m - 3*m - z = 0, 2 = -2*n + 3*m. Let k(r) = -4*r**n + r**3 - 1 + 6*r**2 - r**2. Determine k(0).
-1
Let x(t) = -t**2 + 1. Let y be -1*(-3)/(3/53) + 1. Let d = -51 + y. What is x(d)?
-8
Let t(d) be the second derivative of 0 + 10*d - 2*d**3 - 1/2*d**2. Determine t(1).
-13
Let h(u) = u**3 + 15*u**2 + 3*u + 47. Let f be h(-15). Let j(n) be the second derivative of 0 - 2*n - 1/2*n**3 + 5/2*n**f. Calculate j(6).
-13
Let q(z) = -z**3 + 6*z**2 + 5*z + 8. Suppose 4*v + 33 = j - 0*j, 5*j - v = 203. Suppose 0 = 5*w - 15, 2*g - 7*g - 2*w + j = 0. What is q(g)?
-6
Suppose j + 13 = 4*r - 1, -r - 5*j = 7. Let h(s) be the first derivative of 0*s**r + s + 4 + 0*s**2 + 9/4*s**4. Determine h(1).
10
Let d(u) = u**3 - 2*u**2 - 3*u - 4. Let x = 198 - 194. Determine d(x).
16
Let y(h) = 2*h**2 + 59*h - 35. Let a be y(-30). Suppose -4*z - 12 = 4. Let p(o) = o. Let b(l) = -l**2 - 12*l - 2. Let t(n) = z*p(n) - b(n). What is t(a)?
-13
Let m = 20 + -51. Let k = m + 37. Let r(j) = -j**2 + 4*j + 8. Calculate r(k).
-4
Let n(d) = -d**2 - d - 4. Suppose -4*x - x = 0. Suppose 0 = 3*a + 15, 0 = -2*r + 3*a - x*a + 15. Give n(r).
-4
Let l = -276 - -276. Let t(o) be the first derivative of o**3/6 + 6*o**2 - 3*o - 3. Let m(z) be the first derivative of t(z). What is m(l)?
12
Suppose -4*s = 5*t - 130, 3*s = -5*t + 96 + 4. Suppose -y + x = -6, -5*y + x - 4*x = -s. Let j(l) = -l**2 + 5*l + 1. Give j(y).
-5
Let w = 6 + -2. Suppose -w*u = -8 - 0. Let n(p) = -3*p**3 + 6*p**u + 2*p**3 + 2 + 6*p + p**3 + p**3. Give n(-5).
-3
Let u(f) = f**3 + 4*f**2 + 5*f + 7. Let w be (3 - (3 - 3)/4)/(-1). Give u(w).
1
Let p be 5/((-25)/15) + 5. Let c(k) = -2*k + p*k - k. Calculate c(0).
0
Let v(q) = q**2 + q - 16. Let i be 75 + 4 + 1 + -3. Let u = i - 77. Give v(u).
-16
Let q(u) = -2*u + 832*u**2 - 2 + 829*u**2 - 1662*u**2. Determine q(-2).
-2
Suppose -5*h + 14 = -1. Let r(d) = h*d + 6*d**2 - 5 - 7*d**2 + 2 - d**2. Determine r(2).
-5
Let j(u) = -173*u + 193 + 172*u - 200. Calculate j(-7).
0
Let b(l) = 427 - 14*l - 858 + 427. What is b(-2)?
24
Suppose -5*j + 4 = -2*j - 4*t, -3*t = 2*j + 3. Suppose n = 4*x - x - 28, 5*x - 3*n = 52. Let f(c) = c - 3*c + x + c. Give f(j).
8
Let z(p) be the second derivative of p**3/3 - 21*p**2/2 + 700*p. Determine z(7).
-7
Let c(p) = -4*p + 1. Let j(y) = 3*y. Let o be (3 - -4) + -3 + -1. Suppose -4*v = 0, t = -o*v - 4 - 1. Let a(f) = t*c(f) - 6*j(f). Determine a(4).
3
Let f be (10/4)/5*-18. Let h be f/2*8/(-6). Suppose h*b - 8 = 4*b. Let s(p) = p**3 - 4*p**2 + p - 4. Calculate s(b).
0
Let b(i) = -2. Let c(a) = 2*a - 18. Let l(s) = 6*b(s) - c(s). Let w = 1 + 3. Let h be l(w). Let x(r) = r + 2. Give x(h).
0
Let x(s) = s**2 + 11*s + 12. Let o = 2583 + -2593. What is x(o)?
2
Let q(r) = -17*r + 3. Let l = 406 + -405. Determine q(l).
-14
Let y(b) = -5*b + 25. Let u(j) = 4*j - 22. Let g(w) = 6*u(w) + 5*y(w). Determine g(-3).
-4
Let r(i) = 0*i - 1 + 4 + i**2 + 3*i. Let y be 296/40 - 3/(-5). Suppose y*a + 4*a + 24 = 0. Calculate r(a).
1
Let t(q) be the second derivative of q**5/20 + q**4/3 + q**3/2 + 15*q**2 + 131*q. Calculate t(-5).
-10
Let z(k) be the first derivative of -k**4/4 - 10*k**3/3 - 11*k**2/2 - 21*k + 289. Give z(-9).
-3
Let b(t) = 6*t + 2. Let i(d) = d**2 - 3*d - 51. Let v be i(-6). What is b(v)?
20
Let p be (-73)/(-4)*1 - 2/8. Let i(a) = 21 - 6 - p + 2*a + a**3. What is i(2)?
9
Let o = 146 + -145. Let x(w) = o - 68*w - 2*w**2 + 0 + 70*w. Calculate x(3).
-11
Let d(a) = -2*a**2 - 6*a. Let k = 110 - 107. Let h be ((-15)/(-3) - k)/(2/(-4)). Determine d(h).
-8
Suppose -3*z - 2 = -a, z - 3 = -5*a + 23. Let o(i) = -i. Let j(d) = 3*d + 5. Let x(k) = z*j(k) + 2*o(k). Calculate x(0).
5
Let q(u) = 5 + 197*u + 209*u - 405*u. Determine q(-11).
-6
Let t(i) = 17*i + 5. Let k(u) = -4*u - 1. Let y(b) = 26*k(b) + 6*t(b). Let q = 68 - 63. Calculate y(q).
-6
Let m(n) be the first derivative of -3*n - n**3 - 39 - 1/4*n**4 - n**2. Calculate m(-4).
21
Let n(w) be the first derivative of -w**3/3 - 9*w**2/2 - 11*w + 223. Calculate n(-8).
-3
Let n(g) be the first derivative of 2*g**2 - g - 37. What is n(-2)?
-9
Let k(j) be the first derivative of 3*j**2 - j + 133. Give k(1).
5
Let n = -191 - -124. Let c = -59 - n. Let b(y) = -y**2 + 7*y + 7. What is b(c)?
-1
Let b(d) = -d**2 + 5*d + 6. Let w = -41 + 29. Let t = w + 17. Calculate b(t).
6
Let i = 23 + -20. Let v(q) = -12*q**2 - 4 - 1 - 2*q + 6 + i*q. Give v(-1).
-12
Let j(s) = 5*s + 0 - 7 - 2*s - s. Suppose 5*u + 8 = -2*k - 5, 0 = -k + 4*u + 26. Determine j(k).
5
Let w(v) = -2 - 67*v - 1 - 3 + 65*v + 2. Calculate w(3).
-10
Let a(y) = -y**2 + 11*y + 12. Let z(b) = -b**2 + 7*b + 11. Let x(r) = 2*a(r) - 3*z(r). What is x(4)?
11
Let q(s) = s**2 + 1236*s - 620*s - 4 - 614*s. Let u = -5 - -6. Let o be (0 - u) + 3/(-1). Give q(o).
4
Let l(w) be the first derivative of -w**4/4 - 5*w**3/3 + w - 31. Suppose 4*q + 26 = 3*q. Let g be q/6 - 4/6. What is l(g)?
1
Suppose -4*n - 25 = -1. Let x be ((-4)/6)/(n/18). Let a(m) = m**2 - m**3 + x - 6*m**2 + 5*m - 6*m. Determine a(-5).
7
Let f(s) = -s**2 + 6*s - 3. Suppose l + 4 = 3*q, 2*l + 0 = -q + 6. What is f(q)?
5
Let q(c) be the first derivative of -c**3/3 - 4*c**2 - 12*c - 192. Determine q(-7).
-5
Let o = -62 - -63. Let h(v) = -54*v**2 + v - 2. Give h(o).
-55
Let g(b) = 215*b - 218*b - 19 + 0. Determine g(-7).
2
Let c(s) = -23*s. Suppose 5*v + 2 = 7, 0 = -2*i - 4*v + 2. Give c(i).
23
Let j(q) = q**3 - 8*q**2 + 8*q - 7. Let p = 4 + -43. Let h = -32 - p. Determine j(h).
0
Let p(a) be the first derivative of -3*a**2/2 - 2*a + 5. Let r be (186/(-24) - -5) + (-9)/(-12). Calculate p(r).
4
Let a(y) = 21 + 18*y**2 + 643*y**3 + 4*y - 5*y - 644*y**3. What is a(18)?
3
Let p(y) = -2*y**2 - y - 1. Let r(m) = -9*m**2 - 12*m - 5. Let l(a) = -5*p(a) + r(a). Give l(9).
18
Let m(h) = -29*h**3 - 13*h**2 - h + 2. Let c(r) = -59*r**3 - 29*r**2 - 2*r + 4. Let b(x) = 4*c(x) - 9*m(x). Determine b(1).
25
Let p(s) = 5*s - 5. Let w be p(2). Let i(v) = -v**3 - v**2 + v - 1. Let g(j) = 4*j**3 + 10*j**2 - 7*j + 10. Let m(a) = g(a) + 5*i(a). Give m(w).
-5
Suppose -2*v - 3*v + 10 = 0. Let w(h) = h**2 - h**2 + 5 - h**3 + v*h - 5*h**2. Suppose 0 = -2*q + 4*